{"id":129,"date":"2017-10-31T05:21:08","date_gmt":"2017-10-31T05:21:08","guid":{"rendered":"http:\/\/sk-webservices.com\/theme\/patelproperty\/?page_id=129"},"modified":"2026-04-17T03:03:59","modified_gmt":"2026-04-17T06:03:59","slug":"ubicacion","status":"publish","type":"page","link":"https:\/\/icom.cl\/macul\/ubicacion\/","title":{"rendered":"Ubicaci\u00f3n"},"content":{"rendered":"<p>[vc_row css=&#8221;.vc_custom_1542200476962{margin-top: -60px !important;margin-bottom: 20px !important;}&#8221;][vc_column]<div class=\"title\"><h2 style=\"color:\" class=\"head-fancy\">Entorno<span> <\/span><\/h2><\/div>[\/vc_column][\/vc_row][vc_row css=&#8221;.vc_custom_1562861882238{margin-left: -15px !important;padding-left: -15px !important;}&#8221;][vc_column width=&#8221;2\/3&#8243; css=&#8221;.vc_custom_1524170458761{padding-left: -15px !important;}&#8221;][vc_single_image image=&#8221;1840&#8243; img_size=&#8221;full&#8221;][\/vc_column][vc_column width=&#8221;1\/3&#8243;][vc_single_image image=&#8221;1807&#8243; img_size=&#8221;full&#8221;][\/vc_column][\/vc_row][vc_row][vc_column][vc_column_text]<br \/>\n[\/vc_column_text][\/vc_column][\/vc_row][vc_row css=&#8221;.vc_custom_1523901235107{margin-top: -60px !important;margin-bottom: 20px !important;}&#8221;][vc_column]<div class=\"title\"><h2 style=\"color:\" class=\"head-fancy\">Vis\u00edtanos<span> <\/span><\/h2><\/div>[\/vc_column][\/vc_row][vc_row css=&#8221;.vc_custom_1564687299577{margin-top: 0px !important;margin-bottom: 30px !important;}&#8221;][vc_column width=&#8221;1\/3&#8243; css=&#8221;.vc_custom_1515184367923{margin-left: 30px !important;}&#8221;][vc_empty_space][vc_empty_space][vc_column_text css=&#8221;.vc_custom_1776405832751{padding-left: 10px !important;}&#8221;]<\/p>\n<div class=\"agent-connected\">\n<p><i class=\"fa fa-map-marker\" aria-hidden=\"true\"><\/i><strong>Direcci\u00f3n Proyecto:<\/strong><br \/>\n<a href=\"https:\/\/www.google.cl\/maps\/place\/Arturo+Gozalvez+3250,+Santiago,+Macul+7830151,+Regi%C3%B3n+Metropolitana\/@-33.49088,-70.6010087,17z\/data=!3m1!4b1!4m5!3m4!1s0x9662d0181a564751:0xb000cfa7426359c!8m2!3d-33.49088!4d-70.59882\" target=\"_blank\" rel=\"noopener noreferrer\"><span style=\"color: #000080;\">Arturo Gozalvez 3250, Macul\u00a0<\/span><\/a><\/p>\n<\/div>\n<div class=\"agent-connected\">\n<p><i class=\"fa fa-flag\" aria-hidden=\"true\"><\/i><strong>Centro de Atenci\u00f3n:<\/strong><br \/>\n<a href=\"https:\/\/maps.app.goo.gl\/AwTN1nPqZDQXeLqo7\" target=\"_blank\" rel=\"noopener noreferrer\"><span style=\"color: #000080;\">San Eugenio 1485, \u00d1u\u00f1oa<\/span><\/a><br \/>\nMetro \u00d1uble (L6, L5)<\/p>\n<\/div>\n<div><\/div>\n<div class=\"agent-connected\"><i class=\"fa fa-phone\" aria-hidden=\"true\"><\/i>+569 7794 3635<br \/>\n+569 7790 6275<\/div>\n<div><\/div>\n<div><\/div>\n<div class=\"agent-connected\"><i class=\"fa fa-clock-o\" aria-hidden=\"true\"><\/i> <strong>Horario de Atenci\u00f3n:<\/strong><br \/>\nLunes a S\u00e1bado<br \/>\n09:00 a 18:00 hrs.<br \/>\nEstacionamientos disponibles<\/div>\n<p>[\/vc_column_text][\/vc_column][vc_column width=&#8221;4\/6&#8243;][vc_empty_space height=&#8221;12px&#8221;]<div class=\"owl-carousel owl-theme\" data-items=\"1\" data-tablet=\"1\" data-mobile=\"1\" data-nav=\"1\" data-dots=\"0\" data-autoplay=\"1\" data-speed=\"1000\" data-autotime=\"3000\"><div class=\"item\"><img src=\"https:\/\/icom.cl\/macul\/wp-content\/uploads\/2022\/09\/1-3.jpg\" alt=\"Service Slider\"><\/div><div class=\"item\"><img src=\"https:\/\/icom.cl\/macul\/wp-content\/uploads\/2022\/09\/2-1.jpg\" alt=\"Service Slider\"><\/div><div class=\"item\"><img src=\"https:\/\/icom.cl\/macul\/wp-content\/uploads\/2022\/09\/3-1.jpg\" alt=\"Service Slider\"><\/div><div class=\"item\"><img src=\"https:\/\/icom.cl\/macul\/wp-content\/uploads\/2022\/09\/4.jpg\" alt=\"Service Slider\"><\/div><div class=\"item\"><img src=\"https:\/\/icom.cl\/macul\/wp-content\/uploads\/2022\/09\/5.jpg\" alt=\"Service Slider\"><\/div><div class=\"item\"><img src=\"https:\/\/icom.cl\/macul\/wp-content\/uploads\/2022\/09\/6.jpg\" alt=\"Service Slider\"><\/div><div class=\"item\"><img src=\"https:\/\/icom.cl\/macul\/wp-content\/uploads\/2023\/09\/sss.jpg\" alt=\"Service Slider\"><\/div><div class=\"item\"><img src=\"https:\/\/icom.cl\/macul\/wp-content\/uploads\/2023\/09\/ssss.jpg\" alt=\"Service Slider\"><\/div><div class=\"item\"><img src=\"https:\/\/icom.cl\/macul\/wp-content\/uploads\/2023\/09\/s.jpg\" alt=\"Service Slider\"><\/div><div class=\"item\"><img src=\"https:\/\/icom.cl\/macul\/wp-content\/uploads\/2023\/09\/ss.jpg\" alt=\"Service Slider\"><\/div><\/div>[\/vc_column][\/vc_row]<\/p>\n","protected":false},"excerpt":{"rendered":"<p>[vc_row css=&#8221;.vc_custom_1542200476962{margin-top: -60px !important;margin-bottom: 20px !important;}&#8221;][vc_column][\/vc_column][\/vc_row][vc_row css=&#8221;.vc_custom_1562861882238{margin-left: -15px !important;padding-left: -15px !important;}&#8221;][vc_column width=&#8221;2\/3&#8243; css=&#8221;.vc_custom_1524170458761{padding-left: -15px !important;}&#8221;][vc_single_image image=&#8221;1840&#8243; img_size=&#8221;full&#8221;][\/vc_column][vc_column width=&#8221;1\/3&#8243;][vc_single_image image=&#8221;1807&#8243; img_size=&#8221;full&#8221;][\/vc_column][\/vc_row][vc_row][vc_column][vc_column_text] [\/vc_column_text][\/vc_column][\/vc_row][vc_row css=&#8221;.vc_custom_1523901235107{margin-top: -60px !important;margin-bottom: 20px !important;}&#8221;][vc_column][\/vc_column][\/vc_row][vc_row css=&#8221;.vc_custom_1564687299577{margin-top: 0px !important;margin-bottom: 30px !important;}&#8221;][vc_column width=&#8221;1\/3&#8243; css=&#8221;.vc_custom_1515184367923{margin-left: 30px !important;}&#8221;][vc_empty_space][vc_empty_space][vc_column_text css=&#8221;.vc_custom_1776405832751{padding-left: 10px !important;}&#8221;] Direcci\u00f3n Proyecto: Arturo Gozalvez 3250, Macul\u00a0 Centro de Atenci\u00f3n: San Eugenio 1485, \u00d1u\u00f1oa Metro \u00d1uble (L6, L5) [&hellip;]<\/p>\n","protected":false},"author":1,"featured_media":1512,"parent":0,"menu_order":0,"comment_status":"closed","ping_status":"closed","template":"","meta":{"content-type":""},"_links":{"self":[{"href":"https:\/\/icom.cl\/macul\/wp-json\/wp\/v2\/pages\/129"}],"collection":[{"href":"https:\/\/icom.cl\/macul\/wp-json\/wp\/v2\/pages"}],"about":[{"href":"https:\/\/icom.cl\/macul\/wp-json\/wp\/v2\/types\/page"}],"author":[{"embeddable":true,"href":"https:\/\/icom.cl\/macul\/wp-json\/wp\/v2\/users\/1"}],"replies":[{"embeddable":true,"href":"https:\/\/icom.cl\/macul\/wp-json\/wp\/v2\/comments?post=129"}],"version-history":[{"count":61,"href":"https:\/\/icom.cl\/macul\/wp-json\/wp\/v2\/pages\/129\/revisions"}],"predecessor-version":[{"id":2171,"href":"https:\/\/icom.cl\/macul\/wp-json\/wp\/v2\/pages\/129\/revisions\/2171"}],"wp:featuredmedia":[{"embeddable":true,"href":"https:\/\/icom.cl\/macul\/wp-json\/wp\/v2\/media\/1512"}],"wp:attachment":[{"href":"https:\/\/icom.cl\/macul\/wp-json\/wp\/v2\/media?parent=129"}],"curies":[{"name":"wp","href":"https:\/\/api.w.org\/{rel}","templated":true}]}}

Ubicación

<p>[vc_row css=&#8221;.vc_custom_1542200476962{margin-top: -60px !important;margin-bottom: 20px !important;}&#8221;][vc_column]<div class="title"><h2 style="color:" class="head-fancy">Entorno<span> </span></h2></div>[/vc_column][/vc_row][vc_row css=&#8221;.vc_custom_1562861882238{margin-left: -15px !important;padding-left: -15px !important;}&#8221;][vc_column width=&#8221;2/3&#8243; css=&#8221;.vc_custom_1524170458761{padding-left: -15px !important;}&#8221;][vc_single_image image=&#8221;1840&#8243; img_size=&#8221;full&#8221;][/vc_column][vc_column width=&#8221;1/3&#8243;][vc_single_image image=&#8221;1807&#8243; img_size=&#8221;full&#8221;][/vc_column][/vc_row][vc_row][vc_column][vc_column_text]<br />
[/vc_column_text][/vc_column][/vc_row][vc_row css=&#8221;.vc_custom_1523901235107{margin-top: -60px !important;margin-bottom: 20px !important;}&#8221;][vc_column]<div class="title"><h2 style="color:" class="head-fancy">Visítanos<span> </span></h2></div>[/vc_column][/vc_row][vc_row css=&#8221;.vc_custom_1564687299577{margin-top: 0px !important;margin-bottom: 30px !important;}&#8221;][vc_column width=&#8221;1/3&#8243; css=&#8221;.vc_custom_1515184367923{margin-left: 30px !important;}&#8221;][vc_empty_space][vc_empty_space][vc_column_text css=&#8221;.vc_custom_1776405832751{padding-left: 10px !important;}&#8221;]</p>
<div class="agent-connected">
<p><i class="fa fa-map-marker" aria-hidden="true"></i><strong>Dirección Proyecto:</strong><br />
<a href="https://www.google.cl/maps/place/Arturo+Gozalvez+3250,+Santiago,+Macul+7830151,+Regi%C3%B3n+Metropolitana/@-33.49088,-70.6010087,17z/data=!3m1!4b1!4m5!3m4!1s0x9662d0181a564751:0xb000cfa7426359c!8m2!3d-33.49088!4d-70.59882" target="_blank" rel="noopener noreferrer"><span style="color: #000080;">Arturo Gozalvez 3250, Macul </span></a></p>
</div>
<div class="agent-connected">
<p><i class="fa fa-flag" aria-hidden="true"></i><strong>Centro de Atención:</strong><br />
<a href="https://maps.app.goo.gl/AwTN1nPqZDQXeLqo7" target="_blank" rel="noopener noreferrer"><span style="color: #000080;">San Eugenio 1485, Ñuñoa</span></a><br />
Metro Ñuble (L6, L5)</p>
</div>
<div></div>
<div class="agent-connected"><i class="fa fa-phone" aria-hidden="true"></i>+569 7794 3635<br />
+569 7790 6275</div>
<div></div>
<div></div>
<div class="agent-connected"><i class="fa fa-clock-o" aria-hidden="true"></i> <strong>Horario de Atención:</strong><br />
Lunes a Sábado<br />
09:00 a 18:00 hrs.<br />
Estacionamientos disponibles</div>
<p>[/vc_column_text][/vc_column][vc_column width=&#8221;4/6&#8243;][vc_empty_space height=&#8221;12px&#8221;]<div class="owl-carousel owl-theme" data-items="1" data-tablet="1" data-mobile="1" data-nav="1" data-dots="0" data-autoplay="1" data-speed="1000" data-autotime="3000"><div class="item"><img src="https://icom.cl/macul/wp-content/uploads/2022/09/1-3.jpg" alt="Service Slider"></div><div class="item"><img src="https://icom.cl/macul/wp-content/uploads/2022/09/2-1.jpg" alt="Service Slider"></div><div class="item"><img src="https://icom.cl/macul/wp-content/uploads/2022/09/3-1.jpg" alt="Service Slider"></div><div class="item"><img src="https://icom.cl/macul/wp-content/uploads/2022/09/4.jpg" alt="Service Slider"></div><div class="item"><img src="https://icom.cl/macul/wp-content/uploads/2022/09/5.jpg" alt="Service Slider"></div><div class="item"><img src="https://icom.cl/macul/wp-content/uploads/2022/09/6.jpg" alt="Service Slider"></div><div class="item"><img src="https://icom.cl/macul/wp-content/uploads/2023/09/sss.jpg" alt="Service Slider"></div><div class="item"><img src="https://icom.cl/macul/wp-content/uploads/2023/09/ssss.jpg" alt="Service Slider"></div><div class="item"><img src="https://icom.cl/macul/wp-content/uploads/2023/09/s.jpg" alt="Service Slider"></div><div class="item"><img src="https://icom.cl/macul/wp-content/uploads/2023/09/ss.jpg" alt="Service Slider"></div></div>[/vc_column][/vc_row]</p>

<p>[vc_row css=&#8221;.vc_custom_1542200476962{margin-top: -60px !important;margin-bottom: 20px !important;}&#8221;][vc_column][/vc_column][/vc_row][vc_row css=&#8221;.vc_custom_1562861882238{margin-left: -15px !important;padding-left: -15px !important;}&#8221;][vc_column width=&#8221;2/3&#8243; css=&#8221;.vc_custom_1524170458761{padding-left: -15px !important;}&#8221;][vc_single_image image=&#8221;1840&#8243; img_size=&#8221;full&#8221;][/vc_column][vc_column width=&#8221;1/3&#8243;][vc_single_image image=&#8221;1807&#8243; img_size=&#8221;full&#8221;][/vc_column][/vc_row][vc_row][vc_column][vc_column_text] [/vc_column_text][/vc_column][/vc_row][vc_row css=&#8221;.vc_custom_1523901235107{margin-top: -60px !important;margin-bottom: 20px !important;}&#8221;][vc_column][/vc_column][/vc_row][vc_row css=&#8221;.vc_custom_1564687299577{margin-top: 0px !important;margin-bottom: 30px !important;}&#8221;][vc_column width=&#8221;1/3&#8243; css=&#8221;.vc_custom_1515184367923{margin-left: 30px !important;}&#8221;][vc_empty_space][vc_empty_space][vc_column_text css=&#8221;.vc_custom_1776405832751{padding-left: 10px !important;}&#8221;] Dirección Proyecto: Arturo Gozalvez 3250, Macul  Centro de Atención: San Eugenio 1485, Ñuñoa Metro Ñuble (L6, L5) [&hellip;]</p>
